he remainder when g(s) is divided by 5?
3
Suppose -2*w - 1047 = -4*n - 5*w, -5*n + 4*w = -1332. What is the remainder when n is divided by 19?
17
Suppose -4*r = -0*r - 80. Let d(t) be the second derivative of -t**3/3 + t**2/2 + 2*t. What is the remainder when r is divided by d(-3)?
6
Suppose -2*q - 3*h = 5 - 3, q = 2*h + 6. Suppose q*g = -2 + 4. Suppose 0 = -5*l - 0*l + 15, 0 = 4*n - 5*l + 11. What is the remainder when n is divided by g?
0
Let s be 3 - 3/(6/14). Calculate the remainder when (7 + s)/((-3)/(-8)) is divided by (1 - 0)*(2 - -3).
3
Suppose -2*m + 21 = k, 2*m - 2*k = -2*m + 22. Let i(n) = -2*n - 1. Let z(b) = -3*b + 1. Let f be z(1). What is the remainder when m is divided by i(f)?
2
Suppose -4*j + 5*o + 43 = 15, 0 = 2*j + 5*o + 16. Calculate the remainder when j is divided by 1.
0
Let n = 56 - 31. Suppose 3*h + 2*z = -2*z + n, -3*h + 5*z = -16. Calculate the remainder when 13 is divided by h.
6
Let m(x) = 5*x - 5. Let c(p) = -5*p + 6. Let d(w) = -4*c(w) - 5*m(w). Let h be (-3)/(-2)*6/(-9). Calculate the remainder when 11 is divided by d(h).
5
Let t(b) = -5*b**3 + 9*b**2 - 19*b + 24. Let a(l) = -l**3 + 2*l**2 - 5*l + 6. Let s(n) = 9*a(n) - 2*t(n). What is the remainder when s(4) is divided by 15?
12
Suppose -2 = -4*r + 2, -4*j = -4*r - 16. What is the remainder when 24 is divided by j?
4
Let j = -2 + 2. Suppose j = 2*t - 0*t - 26. Calculate the remainder when t is divided by 5.
3
Let n = 77 - -29. Calculate the remainder when n is divided by 27.
25
Let h = -117 + 186. Calculate the remainder when h is divided by 18.
15
Suppose -2*m + 17 = -13. Let r = 26 - m. What is the remainder when 19 is divided by r?
8
Calculate the remainder when 281 is divided by 0/(-2) + (19*-6)/(-2).
53
Let u be (-96)/(-7) + (-6)/(-21). Calculate the remainder when 8/28 + 108/u is divided by 3.
2
Let b(x) = 5*x + 4. Let n be b(-3). Let c = 47 - n. Suppose 5*l - 102 = c. What is the remainder when l is divided by 11?
10
Suppose -2*g + 5*g = -3. Let w = 4 - g. Suppose o - 6*o - 3*s + 37 = 0, -w*o - 5*s = -45. What is the remainder when 19 is divided by o?
4
Let y(f) = -f**3 - 5*f**2 + 5*f + 1. Let v(d) = 0 + 2*d - d - 6. Let k be v(0). Calculate the remainder when 26 is divided by y(k).
5
Let f = -6 - -10. Suppose 0 = -f*p - 6 + 50. Calculate the remainder when p is divided by 6.
5
Let k(d) = -8*d + 4. What is the remainder when k(-7) is divided by 21?
18
Let h(b) be the second derivative of b**4/6 - b**3 - 3*b**2 + 2*b. What is the remainder when 119 is divided by h(-3)?
29
Let v be (-2)/(-5) + (-2)/5. Suppose 4*a + 2*x - 24 = 0, -36 = -4*a + x - v*x. What is the remainder when 23 is divided by a?
7
Let g = -48 - -57. Calculate the remainder when 35 is divided by g.
8
Let o = -2 + 2. Calculate the remainder when 0/(-2) + -1 + 44 is divided by (-10 - o)/((-6)/9).
13
Suppose 0 = 2*q + 5 - 1. Let m(b) be the third derivative of -b**6/40 - b**4/24 + b**2. Calculate the remainder when m(q) is divided by 14.
12
Suppose 23 = 3*d - 22. Suppose 3*q - 99 = 63. Suppose 3*c - q - 78 = 0. What is the remainder when c is divided by d?
14
Suppose w = 2*l - 35, 2*w - 5*w = -l + 5. Suppose -249 = -3*y + 3*q, 4*y + 136 = -q + 448. What is the remainder when y is divided by l?
19
Let c(j) = -6*j**3 + 3*j**2 - 1. Let m be c(2). Let v = -16 - m. Calculate the remainder when 39 is divided by v.
18
Let c(y) = 3*y**2 - 8*y - 1. Calculate the remainder when c(4) is divided by 4.
3
Suppose 0 = -y + 2*y - 24. Let c(i) be the third derivative of i**4/12 + 5*i**3/6 + 2*i**2. What is the remainder when y is divided by c(4)?
11
Let o(f) = -f**3 + 8*f**2 - 7*f. Let u be o(7). Let j = u + 6. Suppose -6*c + 64 = -2*c. What is the remainder when c is divided by j?
4
Let p(i) = -2*i**2 - 21*i + 32. Calculate the remainder when 38 is divided by p(-11).
17
Let t = -2 + 3. Suppose 0 = -5*s - i + 70, -2*s + 2*i = -3*i - t. Suppose r + 0*r - 116 = -3*a, 120 = 3*a + 3*r. What is the remainder when a is divided by s?
12
Let b(o) = -o**2 + 5*o + 7. Let n = 8 - 7. Let g = 6 - n. What is the remainder when 20 is divided by b(g)?
6
Let n = 26 + -14. Suppose 0 = 3*r - 3*t - 3 - n, -5*r - 3*t + 1 = 0. Suppose -r*h = 4 - 44. Calculate the remainder when h is divided by 7.
6
Let n be 49/(-3) - (-1)/3. Let y = n - -38. Suppose 4*p - 4*b = 24, 18 = p + 5*b - 0*b. What is the remainder when y is divided by p?
6
Let x(p) = 19*p**2 + 2*p + 1. Let t be x(2). Suppose v + 5*z - 15 = t, -4*v + 2*z = -296. What is the remainder when v is divided by 26?
24
Let t = -118 + 63. Let y = 81 + t. What is the remainder when y is divided by 9?
8
Suppose 3*g = 4*u + 43, 0*u = 2*u + 8. Calculate the remainder when g is divided by 4.
1
Suppose 0*c - c + 7 = 0. Suppose 3*q = -v + 9, -15 = 2*q - 7*q - 2*v. Suppose 2*k = -5*t + 18, 2*t - q = -11. Calculate the remainder when k is divided by c.
5
Let l be 18 + (-6)/(2 - 0). Let s be (-2)/5 - (-276)/l. Suppose 0 = 2*w + w - s. Calculate the remainder when 17 is divided by w.
5
Suppose -2*s = -3 - 1. Suppose s*h = y - 4, -34 = -3*y + h - 12. What is the remainder when 15 is divided by y?
7
Let d(u) be the second derivative of u**4/12 - 7*u**3/6 + 9*u**2/2 - 11*u. What is the remainder when d(7) is divided by 4?
1
Let y = -164 + 230. Calculate the remainder when y is divided by 23.
20
Suppose -4*y - 23 + 187 = 0. Calculate the remainder when y is divided by 14.
13
Let t(d) = -30*d + 2. Let o be t(-8). Let m = o + -144. What is the remainder when m is divided by 25?
23
Suppose 10 = -10*b + 5*b. Let w(d) = -9*d + 1. Calculate the remainder when 56 is divided by w(b).
18
Let q(b) = 63*b - 3. Let y(i) = -64*i + 2. Let r(h) = -3*q(h) - 4*y(h). Let g be r(1). Let m = g + -47. What is the remainder when m is divided by 11?
10
Suppose -2*w + 7 = 2*o + 3, 5*o = 2*w + 31. Suppose -s + 2*s + 1 = 0. Calculate the remainder when o is divided by ((-3)/s)/(6/4).
1
What is the remainder when (-6 - 0)*10/(-4) is divided by 8?
7
Let k(v) = -v**2 - 11*v + 3. Let a be k(-11). What is the remainder when 3*((-5)/(-3) - -1) is divided by 5 - 4/(a + -1)?
2
What is the remainder when 21 is divided by (8/(-6))/(-7 - 248/(-36))?
9
Let r(m) = 39*m**2 + m - 1. Suppose 6 = 3*j - 54. What is the remainder when r(1) is divided by j?
19
Let i(b) = -2*b - 6. Let t be i(-5). Suppose 5*z + 4*g = 21, 0*z - t*z - 2*g = -12. Suppose -3*d + 4 = 1. Calculate the remainder when d is divided by z.
0
Calculate the remainder when 16 is divided by 176/28 - (-2)/(-7).
4
Let g be (-10)/(-4)*6/(-5). Let i be (-1 + -8)*1/g. Suppose v + 4 = i*v. Calculate the remainder when v is divided by 2.
0
Let m be (-2)/(-5) + 152/20. Suppose m*u - 45 = 3*u. Let p = -2 + u. What is the remainder when p is divided by 4?
3
Suppose -3*d - m = -2*m - 14, -3*d - 2*m = -8. Let t be 0/1*(3 - 4). Suppose -5*h = -t*h - 35. Calculate the remainder when h is divided by d.
3
Suppose c + 0*c - 14 = -4*w, c = w + 39. Suppose -4*l = -2*g - 46, -3*g = -4*l + g + 44. Calculate the remainder when c is divided by l.
10
Let l = 275 - 190. Suppose l = 5*a - 340. What is the remainder when a is divided by 29?
27
Suppose -5*k + w + 31 = 0, -k + w + 2*w = -9. Calculate the remainder when 40/(-6)*(-9 + k) is divided by 11.
9
Calculate the remainder when 4 is divided by 4/2*27/18.
1
Let j = -69 + 98. What is the remainder when j is divided by -3 - -2 - (2 + -13)?
9
Let t = -57 + 97. Let o be (36/10)/(4/t). Suppose 0*p - o = -4*p. Calculate the remainder when 26 is divided by p.
8
Suppose 4*f - b + 4*b = -7, -2*f - 6 = 4*b. Suppose 0 = -4*a - 0*a - 16. Let r = f - a. What is the remainder when 5 is divided by r?
2
Let u = 16 + -11. What is the remainder when 23 is divided by u?
3
Suppose 0 = -5*l - 16 + 1. What is the remainder when l/(-3) + (1 - 0) is divided by 1?
0
Let x(j) = -3 - 3*j**2 - 5*j + 6*j - 4*j. Let r be x(-2). Calculate the remainder when -12*2/r*12 is divided by 17.
15
What is the remainder when 46 is divided by 6 + -4 - 0 - -6?
6
Let s(j) = -j + 3. Let z = 4 + -7. Calculate the remainder when 16 is divided by s(z).
4
Let v(w) = w**2. Let u(t) = -20*t**2 + 1. Let z(l) = -u(l) - 6*v(l). Let b be (-2)/3*15/(-10). Calculate the remainder when 37 is divided by z(b).
11
Let o = -20 + 38. What is the remainder when 71 is divided by o?
17
Suppose -5*f + 4*j + 